39*w**2 + 20*w + 43. Let u(l) = 36*l**2 - 19*l - 43. Let c(o) = 5*g(o) + 6*u(o). What is the thousands digit of c(-9)?
1
Suppose -5*c = 9*d - 8*d - 36107, -d - 7225 = -c. What is the thousands digit of c?
7
Let k(t) = -t**3 - 15*t**2 - 16*t - 26. Let q be k(-14). Let p be q - 9*(-52)/6. Suppose -3*u + p = -u. What is the tens digit of u?
4
Let z = -66 + 71. Suppose 10*m = z*m + 25. Suppose m*g + 369 = 8*g. What is the units digit of g?
3
Suppose 2*b + 4*z - 5390 = 9*z, 0 = 4*b - 3*z - 10738. What is the tens digit of b?
8
Let j(q) = -q**3 - 13*q**2 + 3*q + 19. Let u be j(-13). Let b(t) = -t**3 - 19*t**2 - 5*t + 20. What is the hundreds digit of b(u)?
5
Suppose 2531 = 13*m - 238. Suppose g - 2*i = -48 + m, 5*i + 20 = 0. What is the units digit of g?
7
What is the units digit of (88226/31)/(410/(-105) - -4)?
3
Suppose -5*p + 62 = -43. Suppose -q + 4*q = p. Suppose 0 = 2*t - 197 - q. What is the hundreds digit of t?
1
Let x(r) = -r**2 + 20*r - 24. Let f be x(18). Suppose 19*m - f*m + 140 = 0. What is the units digit of m/(-70) + (-892)/(-14)?
4
Let j(b) = -b**3 + 12*b**2 - 20*b + 17. Let d be j(10). Suppose -11292 - 2835 = -d*t. What is the units digit of t?
1
Suppose y - 43804 = -2*r - 7330, -72940 = -2*y - 2*r. What is the tens digit of y?
6
Suppose 5*f = k - 52, -39 = -2*k - 0*k - 3*f. Suppose 0 = -24*p + k*p + 204. What is the units digit of ((0 + p)/2)/((-20)/50)?
5
Let z(u) = -6*u**2 + u - 2. Suppose 3*c = -5*n + 8, 1 = 5*c + 2*n - 6. Let r be z(c). What is the tens digit of (83 + r)/((-3)/(3*-1))?
7
Suppose -5*p - 250 = 5*l, 4*l + 119 + 126 = 5*p. Let d = -51 - l. Let o(z) = 5*z + 2. What is the tens digit of o(d)?
2
Let o(r) = r**3 - 25*r**2 + 2*r - 16. Let c be o(25). Suppose 20 = 17*i - 13*i. Suppose i*v - 43 = 4*q, q + c = 4*v - 2*q. What is the units digit of v?
7
Let y = -4 - -16. What is the tens digit of (571/(-6))/(((-2)/y)/1)?
7
Suppose k = -v - 895, 2*k - 7*v + 1793 = -12*v. Let h = 74 - k. What is the tens digit of h?
6
Let r(f) = 6*f**2 - 23*f - 41. Let h = -405 - -397. What is the hundreds digit of r(h)?
5
Suppose 0 = 2*o + 4*n + 20 - 64, -2*o + 44 = -2*n. Suppose -158 = -o*c + 20*c. Suppose -m + 19 = -c. What is the units digit of m?
8
Let h(o) = 5*o**2 + 489*o - 312. What is the tens digit of h(-138)?
2
Let k = -1871 + 5845. What is the units digit of k?
4
Let m = 456 + -826. Let q = m - -990. What is the units digit of q?
0
Let f(w) = -79 - 8*w + 13*w - 10*w + 12*w**2 + 14. What is the tens digit of f(-9)?
5
Let i(h) = 6358*h**2 + 7*h + 5. What is the units digit of i(-1)?
6
Suppose -4 = 3*r + 2. Let y be (r/4)/(((-11)/10)/11). Suppose y*v = -5*v + 1150. What is the units digit of v?
5
Let w = -309 - -286. What is the tens digit of ((-1)/4)/(w/38364)?
1
Let l(z) = -z**3 + 4*z**2 - 3*z - 2. Let a be l(4). Suppose w + 4*b - 29 = 0, 4*b - 3*b = 5*w - 103. Let u = w - a. What is the tens digit of u?
3
Suppose g - 8 = 18. Let j = g + -22. Suppose -3*c - 460 = -5*n, 7*n = 2*n - j*c + 495. What is the tens digit of n?
9
Let f(v) = 1669 - v**3 + 4*v - 164*v**2 - 146*v**2 + 309*v**2. What is the thousands digit of f(0)?
1
Suppose 40 = -76*u + 86*u. Suppose 0 = u*r + 3*p - 3295, -7*r + p + 2455 = -4*r. What is the hundreds digit of r?
8
Let m(x) = 3*x - 10. Let l be m(-20). Let i = 73 + l. Suppose i*o - 270 = -27. What is the units digit of o?
1
Let t(d) = 3*d + 16. Let s(f) = f - 1. Let m(g) = 15*g + 41. Let y(q) = -m(q) + 5*s(q). Let p be y(-5). What is the units digit of t(p)?
8
Suppose 101*o = 91*o + 19000. Suppose -7*j = -o - 305. What is the units digit of j?
5
Suppose 21*b = 13248 + 73923. What is the tens digit of b?
5
Let t = 103611 - 60269. What is the units digit of t?
2
Let c(h) = 2*h**3 - 9*h**2 + 77*h + 5. Let s be c(5). Suppose s = -5*f + 3730. What is the tens digit of f?
6
Let u(y) = -y**2 + 25*y - 31. Let v(z) = -z - 8. Let o be v(-13). Suppose 4*b - o*b + 20 = -t, 48 = 3*b + 3*t. What is the tens digit of u(b)?
9
Let w(q) = -232 + 118 - 63*q - 7*q. What is the hundreds digit of w(-17)?
0
Let s = -9536 - -58849. What is the units digit of s?
3
Let v be ((-196)/35)/(-4)*10. What is the tens digit of 2/v - 276232/(-308)?
9
Let u(s) = -149*s + 163. Let b(p) = 299*p - 326. Let v(g) = -4*b(g) - 9*u(g). What is the tens digit of v(5)?
6
Let y(h) = 37*h**2 + h - 1. Let x be y(3). Let r(p) = p**3 + 34*p**2 + p + 38. Let f be r(-34). Suppose f*j = -51 + x. What is the units digit of j?
1
Suppose -6*h - 35 = -2*h + 5*p, h - 3*p - 4 = 0. Let y(f) = -4*f**3 - 10*f**2 - 4*f + 4. What is the units digit of y(h)?
4
Let i be -58*(-5 + 15/6). What is the tens digit of i/(-5)*(4 + (-1 - 4))?
2
Let z = -19 - -18. Let f be 0/4 + (-4)/z. Suppose 2*s = 2*d - 154, -224 = -5*d + 2*d - f*s. What is the tens digit of d?
7
What is the thousands digit of ((-14)/35)/((15/(-1800))/((-749)/(-2)))?
7
Let a(h) be the third derivative of -563*h**4/24 + 10*h**3/3 + 10*h**2. Let l be a(-8). What is the tens digit of 4 + l/54 + 2/9?
8
Let k be (84/(-16))/(-21) + (-174)/(-8). Suppose -2*l = t - 220, -2*t + 440 = k*l - 17*l. What is the hundreds digit of t?
2
Let z = 63 - 60. Suppose z*y + 2*v = 56, 24 = 3*y + 5*v - 44. Suppose 0 = -11*i + y*i - 670. What is the hundreds digit of i?
1
Suppose -17*f = -5*f + 48. What is the tens digit of (-3193)/f - (-7 + (-125)/(-20))?
9
Let f(n) = -2*n**2 - 25*n - 6. Let l be f(-11). Let u be 49*4/12*l. What is the units digit of ((-24)/(-20))/(-3) + u/15?
9
Let m(v) = 2*v**2 + 14*v - 73. Let s be m(-18). Let g = s + -80. Suppose g = b + y, -3*y = b + 4*b - 1217. What is the hundreds digit of b?
2
Let h = 418 + -415. Suppose -2*b + 3729 = 5*g, -3*b + 3470 - 1238 = h*g. What is the units digit of g?
7
Suppose -3*a - 3*f + 165924 + 46713 = 0, -2*a + 141782 = -f. What is the ten thousands digit of a?
7
What is the units digit of 13686 + 24/2 + -3 + 1?
6
Suppose j + 4*j = 40. Let h = -217 + 447. Suppose -7*d + h = -j. What is the tens digit of d?
3
Suppose 25 = -4*k + 2*w + 5, -3*k + w = 13. What is the hundreds digit of 2905/(-21)*k + 3?
4
Let z(f) = 6*f**3 - 93*f**2 + 11*f + 33. What is the hundreds digit of z(16)?
9
Suppose -22 = -21*x + 83. Suppose -556 - 453 = -x*n + z, 0 = 2*n + 3*z - 390. What is the units digit of n?
1
Let n(w) = 2*w**2 + 69*w + 38. Let k be n(-34). Suppose 5*h + 2*f = k*f + 1276, -4*h + 1025 = -3*f. What is the tens digit of h?
5
Let p(r) = -1258*r**3 + r**2 - 35*r - 72. What is the ten thousands digit of p(-2)?
1
Let v be (-2 - -4)*(-3166)/(-4). Suppose -2*b - 1017 = 3*l, 3*b - 2*l + v - 25 = 0. What is the tens digit of 2*(b/(-8) - 1)?
2
Let q(n) = 467*n - 1197. What is the hundreds digit of q(8)?
5
Let l be 636/9 - 4/6. Let u = l + -42. What is the tens digit of (4 + (-136)/u)*-77?
6
What is the thousands digit of (-64)/(-224)*179039 - 4*3?
1
Let j(f) = -f**3 + 6*f**2 - f + 58. Let v be j(7). Suppose 2*c + 1266 = v*r, 4*c = 5*c - 3. What is the hundreds digit of r?
6
Let a = -22 - -20. Let x be (6/(-8)*-1)/(a/(-48)). Suppose x*n - 326 = 16*n. What is the tens digit of n?
6
Let y(a) = 29*a - 3. Let r(s) = 9*s**2 + 3*s + 2. Let q(f) = 17*f**2 + 5*f + 3. Let c(j) = 3*q(j) - 5*r(j). Let d be c(-1). What is the hundreds digit of y(d)?
1
Let d = -7688 - -11711. What is the tens digit of d?
2
Let q = 12 + -10. Suppose q*l - 17 = -23. What is the tens digit of (3 + 24/(-9))*(l - -90)?
2
Let y = -10388 - -23852. What is the thousands digit of y?
3
Let b(x) = 200*x**2 + 12*x - 147. What is the units digit of b(5)?
3
Let g = -33 - -33. Suppose g = 7*l - 5*l - 112. Suppose l*o = 57*o - 36. What is the tens digit of o?
3
Let n(j) = -57*j**3 - 3*j**2 + 2*j + 2. Let p be n(1). What is the units digit of (154/p)/((-3)/852)?
1
Suppose -2*o + 4*w + 145 = 3*w, 3*o - 185 = -5*w. Suppose -i = -3*i - o. What is the hundreds digit of 57*14/i*(-5 - 0)?
1
Let r = -85 - -94. Suppose 3*q = -0*o - 5*o + 4395, r = -3*o. Suppose -2*l + q = 8*l. What is the units digit of l?
7
What is the thousands digit of 450/27 - 18 - (-11768)/6?
1
Let w be (-20)/5 + 3 - -7. Suppose -12*s + 2718 = w*s. What is the tens digit of s?
5
What is the hundreds digit of -4*8/8*(-939)/4?
9
Let a(g) = 6*g - 3. Let i(s) = -6*s + 5. Let j(t) = 7*t - 6. Let u(q) = -4*i(q) - 3*j(q). Let z(x) = -4*a(x) + 10*u(x). What is the tens digit of z(5)?
2
S